{"id":2575,"date":"2024-08-25T04:09:51","date_gmt":"2024-08-25T04:09:51","guid":{"rendered":"https:\/\/metalurgicabrunos.com.br\/site\/?page_id=2575"},"modified":"2025-01-29T13:05:54","modified_gmt":"2025-01-29T13:05:54","slug":"trabalheconosco","status":"publish","type":"page","link":"https:\/\/metalurgicabrunos.com.br\/site\/trabalheconosco\/","title":{"rendered":"Trabalhe Conosco"},"content":{"rendered":"<p>[et_pb_section fb_built=&#8221;1&#8243; fullwidth=&#8221;on&#8221; _builder_version=&#8221;4.16&#8243; background_image=&#8221;http:\/\/metalurgicabrunos.com.br\/site\/wp-content\/uploads\/2019\/05\/bg_metal_preto.jpg&#8221; background_position=&#8221;top_center&#8221; custom_padding=&#8221;|||&#8221; global_colors_info=&#8221;{}&#8221;][et_pb_fullwidth_header title=&#8221;@ET-DC@eyJkeW5hbWljIjp0cnVlLCJjb250ZW50IjoicG9zdF90aXRsZSIsInNldHRpbmdzIjp7ImJlZm9yZSI6IiIsImFmdGVyIjoiIn19@&#8221; text_orientation=&#8221;center&#8221; _builder_version=&#8221;4.24.2&#8243; _dynamic_attributes=&#8221;title&#8221; title_font=&#8221;|on|||&#8221; title_font_size=&#8221;54&#8243; content_font_size=&#8221;14&#8243; subhead_font_size=&#8221;18&#8243; background_color=&#8221;rgba(255, 255, 255, 0)&#8221; title_font_size_tablet=&#8221;30&#8243; global_colors_info=&#8221;{}&#8221; button_one_text_size__hover_enabled=&#8221;off&#8221; button_two_text_size__hover_enabled=&#8221;off&#8221; button_one_text_color__hover_enabled=&#8221;off&#8221; button_two_text_color__hover_enabled=&#8221;off&#8221; button_one_border_width__hover_enabled=&#8221;off&#8221; button_two_border_width__hover_enabled=&#8221;off&#8221; button_one_border_color__hover_enabled=&#8221;off&#8221; button_two_border_color__hover_enabled=&#8221;off&#8221; button_one_border_radius__hover_enabled=&#8221;off&#8221; button_two_border_radius__hover_enabled=&#8221;off&#8221; button_one_letter_spacing__hover_enabled=&#8221;off&#8221; button_two_letter_spacing__hover_enabled=&#8221;off&#8221; button_one_bg_color__hover_enabled=&#8221;off&#8221; button_two_bg_color__hover_enabled=&#8221;off&#8221;][\/et_pb_fullwidth_header][\/et_pb_section][et_pb_section fb_built=&#8221;1&#8243; admin_label=&#8221;section&#8221; _builder_version=&#8221;4.16&#8243; global_colors_info=&#8221;{}&#8221;][et_pb_row column_structure=&#8221;1_2,1_2&#8243; admin_label=&#8221;row&#8221; _builder_version=&#8221;4.16&#8243; background_size=&#8221;initial&#8221; background_position=&#8221;top_left&#8221; background_repeat=&#8221;repeat&#8221; global_colors_info=&#8221;{}&#8221;][et_pb_column type=&#8221;1_2&#8243; _builder_version=&#8221;4.16&#8243; custom_padding=&#8221;|||&#8221; global_colors_info=&#8221;{}&#8221; custom_padding__hover=&#8221;|||&#8221;][et_pb_text _builder_version=&#8221;4.16&#8243; global_colors_info=&#8221;{}&#8221;]Preencha o formul\u00e1rio para enviar.<br \/>\n[\/et_pb_text][de_fb_form submit_button_text=&#8221;Enviar&#8221; success_message=&#8221;Obrigado por enviar seu curr\u00edculo, retornaremos caso necess\u00e1rio.&#8221; use_custom_email=&#8221;off&#8221; custom_contact_email=&#8221;rh@brunomoldes.com.br&#8221; from_email=&#8221;custom&#8221; custom_from_email=&#8221;contato@metalurgicabrunos.com.br&#8221; email_cc=&#8221;publicidade@dotmais.com.br&#8221; email_title=&#8221;Trabalhe Conosco&#8221; save_to_database=&#8221;on&#8221; _builder_version=&#8221;4.24.2&#8243; _module_preset=&#8221;default&#8221; custom_button=&#8221;on&#8221; button_text_color=&#8221;#FFFFFF&#8221; button_bg_color=&#8221;#107f3e&#8221; hover_enabled=&#8221;0&#8243; global_colors_info=&#8221;{}&#8221; sticky_enabled=&#8221;0&#8243;][de_fb_form_field field_title=&#8221;Nome&#8221; admin_title=&#8221;Nome&#8221; field_id=&#8221;name&#8221; required_mark=&#8221;on&#8221; required_message=&#8221;Este campo \u00e9 obrigat\u00f3rio.&#8221; field_placeholder=&#8221;Nome&#8221; use_icon=&#8221;on&#8221; font_icon=&#8221;&#xf007;||fa||400&#8243; _builder_version=&#8221;4.24.2&#8243; _module_preset=&#8221;default&#8221; global_colors_info=&#8221;{}&#8221; form_step=&#8221;0&#8243; current_step=&#8221;0&#8243;][\/de_fb_form_field][de_fb_form_field field_title=&#8221;E-Mail&#8221; admin_title=&#8221;E-Mail&#8221; field_id=&#8221;email&#8221; field_type=&#8221;email&#8221; required_mark=&#8221;on&#8221; required_message=&#8221;Este campo \u00e9 obrigat\u00f3rio.&#8221; field_placeholder=&#8221;E-Mail&#8221; description_text=&#8221;on&#8221; description_text_location=&#8221;below&#8221; description_text_text=&#8221;Exemplo: seunome@gmail.com&#8221; use_icon=&#8221;on&#8221; font_icon=&#8221;&#xe010;||divi||400&#8243; _builder_version=&#8221;4.24.2&#8243; _module_preset=&#8221;default&#8221; global_colors_info=&#8221;{}&#8221; form_step=&#8221;0&#8243; current_step=&#8221;0&#8243;][\/de_fb_form_field][de_fb_form_field field_title=&#8221;Telefone \/ Whatsapp&#8221; admin_title=&#8221;Telefone \/ Whatsapp&#8221; field_id=&#8221;Telefone_\/_Whatsapp&#8221; required_mark=&#8221;on&#8221; required_message=&#8221;Campo obrigat\u00f3rio&#8221; field_placeholder=&#8221;Telefone \/ Whatsapp&#8221; use_icon=&#8221;on&#8221; font_icon=&#8221;&#xf232;||fa||400&#8243; _builder_version=&#8221;4.24.2&#8243; _module_preset=&#8221;default&#8221; global_colors_info=&#8221;{}&#8221; form_step=&#8221;0&#8243; current_step=&#8221;0&#8243;][\/de_fb_form_field][de_fb_form_field field_title=&#8221;Cidade&#8221; admin_title=&#8221;Cidade&#8221; field_id=&#8221;Cidade&#8221; required_mark=&#8221;on&#8221; required_message=&#8221;Campo obrigat\u00f3rio&#8221; field_placeholder=&#8221;Cidade&#8221; use_icon=&#8221;on&#8221; font_icon=&#8221;&#xf3c5;||fa||900&#8243; _builder_version=&#8221;4.24.2&#8243; _module_preset=&#8221;default&#8221; global_colors_info=&#8221;{}&#8221; form_step=&#8221;0&#8243; current_step=&#8221;0&#8243;][\/de_fb_form_field][de_fb_form_field field_title=&#8221;Cargo&#8221; admin_title=&#8221;Cargo&#8221; field_id=&#8221;Cargo&#8221; required_mark=&#8221;on&#8221; required_message=&#8221;Campo obrigat\u00f3rio&#8221; field_placeholder=&#8221;Cargo&#8221; use_icon=&#8221;on&#8221; font_icon=&#8221;&#xf0b1;||fa||900&#8243; _builder_version=&#8221;4.24.2&#8243; _module_preset=&#8221;default&#8221; global_colors_info=&#8221;{}&#8221; form_step=&#8221;0&#8243; current_step=&#8221;0&#8243;][\/de_fb_form_field][de_fb_form_field field_title=&#8221;Coment\u00e1rios&#8221; admin_title=&#8221;Coment\u00e1rios&#8221; field_id=&#8221;Coment\u00e1rios&#8221; field_type=&#8221;text&#8221; required_mark=&#8221;on&#8221; required_message=&#8221;Campo obrigat\u00f3rio&#8221; field_placeholder=&#8221;Coment\u00e1rios&#8221; _builder_version=&#8221;4.24.2&#8243; _module_preset=&#8221;default&#8221; global_colors_info=&#8221;{}&#8221; form_step=&#8221;0&#8243; current_step=&#8221;0&#8243;][\/de_fb_form_field][de_fb_form_field field_title=&#8221;Anexo&#8221; admin_title=&#8221;Anexo&#8221; field_id=&#8221;Anexo&#8221; field_type=&#8221;file&#8221; accepted_file_types_file=&#8221;jpg,gif,pdf,doc,docx&#8221; upload_description=&#8221;Clique para upload do seu Curr\u00edculo!&#8221; _builder_version=&#8221;4.24.2&#8243; _module_preset=&#8221;default&#8221; global_colors_info=&#8221;{}&#8221; form_step=&#8221;0&#8243; current_step=&#8221;0&#8243;][\/de_fb_form_field][\/de_fb_form][et_pb_text _builder_version=&#8221;4.24.2&#8243; hover_enabled=&#8221;0&#8243; global_colors_info=&#8221;{}&#8221; sticky_enabled=&#8221;0&#8243;]<\/p>\n<p>Voc\u00ea tamb\u00e9m pode enviar diretamente para <a href=\"mailto:rh@brunomoldes.com.br\">rh@brunomoldes.com.br<\/a><\/p>\n<p>[\/et_pb_text][\/et_pb_column][et_pb_column type=&#8221;1_2&#8243; _builder_version=&#8221;4.16&#8243; custom_padding=&#8221;|||&#8221; global_colors_info=&#8221;{}&#8221; custom_padding__hover=&#8221;|||&#8221;][et_pb_image src=&#8221;https:\/\/metalurgicabrunos.com.br\/site\/wp-content\/uploads\/2019\/05\/metalurgicabrunos_logo_pq.png&#8221; title_text=&#8221;metalurgicabrunos_logo_pq&#8221; align_tablet=&#8221;center&#8221; align_phone=&#8221;center&#8221; align_last_edited=&#8221;on|desktop&#8221; _builder_version=&#8221;4.24.2&#8243; max_width=&#8221;180px&#8221; global_colors_info=&#8221;{}&#8221;][\/et_pb_image][et_pb_text _builder_version=&#8221;4.22.2&#8243; global_colors_info=&#8221;{}&#8221;]<\/p>\n<ol>\n<li>Favor preencher corretamente com os seus dados.<\/li>\n<li>Anexar arquivo de curr\u00edculo com foto.<\/li>\n<li>Dar prefer\u00eancia para arquivos tipo PDF, DOC ou JPG.<\/li>\n<\/ol>\n<p>Atenciosamente,<br \/>\nA Diretoria<\/p>\n<p>[\/et_pb_text][\/et_pb_column][\/et_pb_row][\/et_pb_section]<\/p>\n","protected":false},"excerpt":{"rendered":"<p>Preencha o formul\u00e1rio para enviar. <div class=\"et_pb_module de_fb_form de_fb_form_0 align-button_right align-module_\">\n\t\t\t\t\n\t\t\t\t\n\t\t\t\t\n\t\t\t\t\n\t\t\t\t\n\t\t\t\t\n\t\t\t\t<div class=\"et_pb_module_inner\">\n\t\t\t\t\t\t\t<form method=\"POST\" enctype=\"multipart\/form-data\" action=\"\" id=\"fb_form_-0\" class=\"et_pb_contact fb_form   hide_until_loaded\" data-ajax-btn=\"Processing\" data-ajax-hide-sub=\"off\" style=\"display: none;\">\r\n\t\t\t<h3 class=\"form-title\"><\/h3>\r\n\t\t\t\t\t\t<div class=\"divi-form-wrapper\">\r\n                                 \t\t\t<\/div>\r\n<input type=\"hidden\" value=\"-0\" name=\"form_key\">\t\t\t<div class=\"et_contact_bottom_container\">\r\n\t\t\t\t<div class=\"submit-container\">\r\n\t\t\t<script>\r\n\t\t\tjQuery(document).ready(function($){\r\n\t\t\t\tjQuery(\"#fb_form_-0\").submit(function(e){\r\n\t\t\t\t\te.preventDefault();\r\n\t\t\t\t\t$(this).find('.divi-form-submit').prop('disabled', true);\r\n\t\t\t\t\tvar required_check = true;\r\n\t\t\t\t\tvar form = jQuery(this);\r\n\t\t\t\t    if ( form.find('.required').length > 0 ) {\r\n\t\t\t\t        form.find('.required').each(function() {\r\n\t\t\t\t        \t$(this).closest('.et_pb_contact_field').parent().find('.error').remove();\r\n\t\t\t\t        \tif ( !$(this).closest('.de_fb_form_field').hasClass('condition-hide') ) {\r\n\t\t\t\t\t        \tvar field_type = $(this).closest('.et_pb_contact_field').data('type');\r\n\r\n\t\t\t\t\t            if ( field_type == 'checkbox' || field_type == 'radio' ) {\r\n\t\t\t\t\t            \tif ( jQuery(this).find('input:checked').length == 0 ) {\r\n\t\t\t\t\t            \t\trequired_check = false;\t\r\n\t\t\t\t\t            \t}\t\t\t\t\t\t                \r\n\t\t\t\t\t            } else if ( field_type == 'file' || field_type == 'image' ) {\r\n\t\t\t\t\t            \tif ( jQuery(this).find('.files .template-upload').length == 0 ) {\r\n\t\t\t\t\t            \t\trequired_check = false;\t\r\n\t\t\t\t\t            \t}\t\t\t\t\t\t            \t\r\n\t\t\t\t\t            } else {\r\n\t\t\t\t\t            \tif ( jQuery(this).val() == '' ) {\r\n\t\t\t\t\t            \t\trequired_check = false;\r\n\t\t\t\t\t            \t}\r\n\t\t\t\t\t            }\r\n\r\n\t\t\t\t\t            if ( !required_check ) {\r\n\t\t\t\t\t            \tvar required_message = $(this).attr('data-required_message');\r\n\t\t\t\t\t        \t\tvar required_message_pos = $(this).attr('data-required_position');\r\n\t\t\t\t\t        \t\t\r\n\t\t\t\t\t                if ( required_message_pos == 'top' ) {\r\n\t\t\t\t\t                \t$(this).closest('.et_pb_contact_field').before('<p class=\"error\">' + required_message + '<\/p>');\t\r\n\t\t\t\t\t                } else {\r\n\t\t\t\t\t                \t$(this).closest('.et_pb_contact_field').after('<p class=\"error\">' + required_message + '<\/p>');\r\n\t\t\t\t\t                }\r\n\t\t\t\t\t                $('html, body').animate({\r\n\t\t\t\t\t                \tscrollTop: $(this).closest('.field_wrapper').offset().top - 10\r\n\t\t\t\t\t                }, 300);\r\n\t\t\t\t\t                return false;\r\n\t\t\t\t\t            }\r\n\t\t\t\t\t        }\r\n\t\t\t\t        });\r\n\t\t\t\t    }\r\n\r\n\t\t\t\t    var validation_result = form.valid();\r\n\r\n\t\t\t\t    if ( !validation_result ) {\r\n\t\t\t\t    \te.preventDefault();\r\n\t\t\t\t    \t$(this).find('.divi-form-submit').removeProp('disabled');\r\n\t\t\t\t    \t$(this).find('.divi-form-submit').removeAttr('disabled');\r\n\t\t\t\t    \treturn false;\r\n\t\t\t\t    }\r\n\r\n\t\t\t\t\t\t\t    if ( $(this).find('.signature-field').length > 0 ) {\r\n\t\t\t\t    \t$.each( $(this).find('.signature-field'), function(i) {\r\n\t\t\t\t    \t\tvar field_id = $(this).find('input').attr('id');\r\n\t\t\t\t    \t\t$(\"#\" + field_id).val( fb_signature.signature_objs['signaturePad_' + field_id].toDataURL() );\r\n\t\t\t\t    \t});\r\n\t\t\t\t    }\r\n\t\t\t\t    if ( required_check ) {\r\n\t\t\t\t    \tif ( form.find('.file_preview_container .template-upload').length > 0 ) {\r\n\t\t\t\t    \t\te.preventDefault();\r\n\t\t                \tde_fb_ajax_files_upload( form );\r\n\t\t                } else {\r\n\t\t                \tif ( form.find('.divi-form-submit').hasClass('de_fb_ajax_submit')) {\r\n\t\t\t                \tde_fb_ajax_form_submit( form[0] );\r\n\t\t\t                \te.preventDefault();\r\n\t\t\t                } else {\r\n\t\t\t                \tjQuery(\"#fb_form_-0\").unbind('submit').submit();\r\n\t\t\t                }\t\r\n\t\t                }\r\n\t\t\t\t    } else {\r\n\t\t\t\t    \te.preventDefault();\r\n\t\t\t\t    }\r\n\t\t\t\t    $(this).find('.divi-form-submit').removeProp('disabled');\r\n\t\t\t\t    $(this).find('.divi-form-submit').removeAttr('disabled');\r\n\t\t\t\t});\r\n\t\t\t});\r\n\t\t\t<\/script>\r\n\r\n                    <button class=\"divi-form-submit et_pb_button \" type=\"submit\">Enviar<\/button>\r\n\r\n                <input type=\"hidden\" name=\"form_type\" value=\"contact\">\r\n\t\t\t\t<input type=\"hidden\" name=\"divi-form-submit\" value=\"yes\">\r\n\t\t\t\t<input type=\"hidden\" name=\"form_id\" value=\"\">\r\n<input type=\"text\" name=\"form_type_confirm\" style=\"display:none!important;\" tabindex=\"-1\" autocomplete=\"off\">\t\t\t\t<\/div>\r\n\t\t\t<\/div>\r\n\t\t<\/form>\r\n\r\n<script>\r\n\tjQuery(document).ready(function($){\r\n\t\t$('#fb_form_-0').validate();\r\n\t});\r\n\t\r\n\tif ( window.history.replaceState ) {\r\n\t  window.history.replaceState( null, null, window.location.href );\r\n\t}\r\n<\/script>\r\n\n\t\t\t\t<\/div>\n\t\t\t<\/div><div class=\"et_pb_module de_fb_form_field de_fb_form_field_0 grid_et_pb_column_4_4_12 dfb_radio_default et_pb_column_4_4 et_pb_column\">\n\t\t\t\t\n\t\t\t\t\n\t\t\t\t\n\t\t\t\t\n\t\t\t\t\n\t\t\t\t\n\t\t\t\t<div class=\"et_pb_module_inner\">\n\t\t\t\t\t\t\t<div id=\"de_fb_name_wrapper\" class=\"field_wrapper search_filter_cont \" data-count=\"100\" >\r\n\t\t\t\t\t\t\t\t<p class=\"et_pb_contact_field\" data-type=\"input\">\r\n\t\t\t<input type=\"hidden\" name=\"field_title[]\" value=\"Nome\"\/><input type=\"hidden\" name=\"field_name[]\" value=\"de_fb_name\"\/><input type=\"hidden\" name=\"field_id[]\" value=\"de_fb_name\"\/>\t\t\t\t\t\t\t<input type=\"text\" name=\"de_fb_name\" id=\"de_fb_name\" placeholder=\"Nome*\"   class=\"divi-form-builder-field input-field\" required value=\"\"  data-msg-required=\"Este campo &eacute; obrigat&oacute;rio.\" data-required_position=\"bottom\"\/>\r\n\t\t\t\t\t\t <span class=\"dfb_input_icon input_input\"><\/span> \t\t\t<\/p>\r\n\r\n\t\t\t\t\t<\/div>\r\n\n\t\t\t\t<\/div>\n\t\t\t<\/div><div class=\"et_pb_module de_fb_form_field de_fb_form_field_1 grid_et_pb_column_4_4_12 dfb_radio_default et_pb_column_4_4 et_pb_column\">\n\t\t\t\t\n\t\t\t\t\n\t\t\t\t\n\t\t\t\t\n\t\t\t\t\n\t\t\t\t\n\t\t\t\t<div class=\"et_pb_module_inner\">\n\t\t\t\t\t\t\t<div id=\"de_fb_&#8221;email&#8221;_wrapper\" class=\"field_wrapper search_filter_cont \" data-count=\"100\" >\r\n\t\t\t\t\t\t\t\t<p class=\"et_pb_contact_field\" data-type=\"&#8221;email&#8221;\">\r\n\t\t\t<input type=\"hidden\" name=\"field_title[]\" value=\"&#8221;E-Mail&#8221;\"\/><input type=\"hidden\" name=\"field_name[]\" value=\"de_fb_&#8221;email&#8221;\"\/><input type=\"hidden\" name=\"field_id[]\" value=\"de_fb_&#8221;email&#8221;\"\/>\t\t\t<\/p>\r\n\r\n\t\t\t\t\t<\/div>\r\n\n\t\t\t\t<\/div>\n\t\t\t<\/div><\/p>\n","protected":false},"author":1,"featured_media":0,"parent":0,"menu_order":0,"comment_status":"closed","ping_status":"closed","template":"","meta":{"_et_pb_use_builder":"on","_et_pb_old_content":"","_et_gb_content_width":"","footnotes":""},"class_list":["post-2575","page","type-page","status-publish","hentry"],"_links":{"self":[{"href":"https:\/\/metalurgicabrunos.com.br\/site\/wp-json\/wp\/v2\/pages\/2575"}],"collection":[{"href":"https:\/\/metalurgicabrunos.com.br\/site\/wp-json\/wp\/v2\/pages"}],"about":[{"href":"https:\/\/metalurgicabrunos.com.br\/site\/wp-json\/wp\/v2\/types\/page"}],"author":[{"embeddable":true,"href":"https:\/\/metalurgicabrunos.com.br\/site\/wp-json\/wp\/v2\/users\/1"}],"replies":[{"embeddable":true,"href":"https:\/\/metalurgicabrunos.com.br\/site\/wp-json\/wp\/v2\/comments?post=2575"}],"version-history":[{"count":6,"href":"https:\/\/metalurgicabrunos.com.br\/site\/wp-json\/wp\/v2\/pages\/2575\/revisions"}],"predecessor-version":[{"id":2588,"href":"https:\/\/metalurgicabrunos.com.br\/site\/wp-json\/wp\/v2\/pages\/2575\/revisions\/2588"}],"wp:attachment":[{"href":"https:\/\/metalurgicabrunos.com.br\/site\/wp-json\/wp\/v2\/media?parent=2575"}],"curies":[{"name":"wp","href":"https:\/\/api.w.org\/{rel}","templated":true}]}}